culate the remainder when 298 is divided by 117.
64
Calculate the remainder when 42 is divided by 9.
6
Calculate the remainder when 672 is divided by 52.
48
Calculate the remainder when 125 is divided by 35.
20
Calculate the remainder when 54 is divided by 31.
23
What is the remainder when 103 is divided by 20?
3
Calculate the remainder when 5897 is divided by 236.
233
What is the remainder when 155 is divided by 38?
3
Calculate the remainder when 38 is divided by 10.
8
Calculate the remainder when 2248 is divided by 18.
16
Calculate the remainder when 296 is divided by 50.
46
Calculate the remainder when 64 is divided by 40.
24
Calculate the remainder when 1024 is divided by 18.
16
Calculate the remainder when 44 is divided by 2.
0
Calculate the remainder when 292 is divided by 60.
52
Calculate the remainder when 126 is divided by 19.
12
What is the remainder when 1747 is divided by 50?
47
Calculate the remainder when 10866 is divided by 52.
50
What is the remainder when 126 is divided by 67?
59
What is the remainder when 2878 is divided by 90?
88
What is the remainder when 189 is divided by 51?
36
What is the remainder when 251 is divided by 24?
11
Calculate the remainder when 50 is divided by 24.
2
Calculate the remainder when 111 is divided by 66.
45
Calculate the remainder when 1115 is divided by 176.
59
What is the remainder when 882 is divided by 17?
15
What is the remainder when 5646 is divided by 15?
6
What is the remainder when 707 is divided by 30?
17
Calculate the remainder when 321 is divided by 165.
156
Calculate the remainder when 231 is divided by 110.
11
Calculate the remainder when 25 is divided by 22.
3
What is the remainder when 38 is divided by 26?
12
What is the remainder when 304 is divided by 151?
2
Calculate the remainder when 85 is divided by 53.
32
What is the remainder when 3511 is divided by 581?
25
Calculate the remainder when 880 is divided by 98.
96
What is the remainder when 5462 is divided by 228?
218
Calculate the remainder when 1206 is divided by 37.
22
What is the remainder when 6539 is divided by 60?
59
What is the remainder when 2728 is divided by 565?
468
What is the remainder when 116 is divided by 101?
15
Calculate the remainder when 304 is divided by 1.
0
What is the remainder when 928 is divided by 49?
46
Calculate the remainder when 208 is divided by 85.
38
What is the remainder when 18714 is divided by 6236?
6
Calculate the remainder when 28 is divided by 24.
4
What is the remainder when 81 is divided by 45?
36
What is the remainder when 567 is divided by 187?
6
Calculate the remainder when 1299 is divided by 29.
23
Calculate the remainder when 133 is divided by 27.
25
What is the remainder when 112 is divided by 100?
12
What is the remainder when 181 is divided by 14?
13
Calculate the remainder when 92 is divided by 2.
0
Calculate the remainder when 1007 is divided by 84.
83
Calculate the remainder when 6612 is divided by 45.
42
Calculate the remainder when 95 is divided by 49.
46
Calculate the remainder when 30 is divided by 6.
0
What is the remainder when 411 is divided by 156?
99
Calculate the remainder when 228 is divided by 26.
20
What is the remainder when 288 is divided by 70?
8
Calculate the remainder when 1196 is divided by 1.
0
What is the remainder when 1169 is divided by 573?
23
What is the remainder when 387 is divided by 10?
7
Calculate the remainder when 557 is divided by 35.
32
Calculate the remainder when 334 is divided by 106.
16
What is the remainder when 1006 is divided by 56?
54
What is the remainder when 681 is divided by 86?
79
What is the remainder when 151 is divided by 22?
19
What is the remainder when 1308 is divided by 7?
6
Calculate the remainder when 1099 is divided by 338.
85
Calculate the remainder when 1200 is divided by 92.
4
Calculate the remainder when 951 is divided by 68.
67
Calculate the remainder when 671 is divided by 15.
11
Calculate the remainder when 93 is divided by 24.
21
Calculate the remainder when 52 is divided by 28.
24
Calculate the remainder when 543 is divided by 42.
39
What is the remainder when 4 is divided by 3?
1
Calculate the remainder when 1328 is divided by 356.
260
Calculate the remainder when 215 is divided by 72.
71
Calculate the remainder when 136 is divided by 31.
12
What is the remainder when 314 is divided by 53?
49
Calculate the remainder when 486 is divided by 70.
66
Calculate the remainder when 93 is divided by 61.
32
What is the remainder when 33 is divided by 16?
1
Calculate the remainder when 1366 is divided by 274.
270
What is the remainder when 163 is divided by 25?
13
What is the remainder when 1308 is divided by 1?
0
Calculate the remainder when 1015 is divided by 286.
157
Calculate the remainder when 126 is divided by 5.
1
Calculate the remainder when 527 is divided by 12.
11
What is the remainder when 7749 is divided by 2579?
12
Calculate the remainder when 221 is divided by 119.
102
Calculate the remainder when 3845 is divided by 257.
247
Calculate the remainder when 383 is divided by 345.
38
Calculate the remainder when 2110 is divided by 66.
64
What is the remainder when 16460 is divided by 163?
160
Calculate the remainder when 168 is divided by 23.
7
Calculate the remainder when 4082 is divided by 406.
22
Calculate the remainder when 718 is divided by 322.
74
What is the remainder when 109 is divided by 40?
29
What is the remainder when 359 is divided by 18?
17
Calculate the remainder when 1852 is divided by 77.
4
What is the remainder when 212 is divided by 71?
70
Calculate the remainder when 176 is divided by 30.
26
Calculate the remainder when 3993 is divided by 108.
105
What is the remainder when 89 is divided by 39?
11
Calculate the remainder when 17930 is divided by 17.
12
Calculate the remainder when 27 is divided by 15.
12
What is the remainder when 119 is divided by 38?
5
Calculate the remainder when 1490 is divided by 3.
2
What is the remainder when 16 is divided by 10?
6
Calculate the remainder when 19698 is divided by 11.
8
Calculate the remainder when 458 is divided by 27.
26
Calculate the remainder when 8811 is divided by 63.
54
What is the remainder when 165 is divided by 38?
13
What is the remainder when 5013 is divided by 1665?
18
What is the remainder when 21723 is divided by 9?
6
What is the remainder when 62 is divided by 32?
30
What is the remainder when 2181 is divided by 28?
25
What is the remainder when 3313 is divided by 85?
83
What is the remainder when 265 is divided by 3?
1
Calculate the remainder when 28 is divided by 18.
10
What is the remainder when 166 is divided by 157?
9
What is the remainder when 1843 is divided by 142?
139
Calculate the remainder when 291 is divided by 49.
46
Calculate the remainder when 16415 is divided by 108.
107
What is the remainder when 2373 is divided by 19?
17
Calculate the remainder when 6222 is divided by 83.
80
What is the remainder when 462 is divided by 79?
67
What is the remainder when 2369 is divided by 780?
29
Calculate the remainder when 545 is divided by 71.
48
What is the remainder when 351 is divided by 133?
85
What is the remainder when 1101 is divided by 184?
181
What is the remainder when 965 is divided by 18?
11
What is the remainder when 251 is divided by 101?
49
What is the remainder when 5817 is divided by 15?
12
What is the remainder when 415 is divided by 10?
5
What is the remainder when 34 is divided by 9?
7
What is the remainder when 3824 is divided by 955?
4
What is the remainder when 37 is divided by 16?
5
Calculate the remainder when 149 is divided by 26.
19
Calculate the remainder when 1368 is divided by 415.
123
What is the remainder when 41727 is divided by 390?
387
What is the remainder when 379 is divided by 138?
103
What is the remainder when 110 is divided by 45?
20
Calculate the remainder when 254 is divided by 37.
32
Calculate the remainder when 1911 is divided by 14.
7
What is the remainder when 475 is divided by 82?
65
Calculate the remainder when 870 is divided by 147.
135
What is the remainder when 494 is divided by 36?
26
Calculate the remainder when 103 is divided by 81.
22
What is the remainder when 350 is divided by 108?
26
Calculate the remainder when 10008 is divided by 91.
89
What is the remainder when 876